divisor of v and c?
55
Let o be 6 + (-4728)/42 + 3/(-7). Let q = o + 297. Calculate the greatest common factor of 19 and q.
19
Suppose -4*w - 4 = -5*w. Suppose -4*z + w*x - 460 = -8*z, 0 = 5*z + x - 563. What is the highest common factor of z and 14?
14
Let q = -57 - -56. Let n be (-1 - 0)/(q + (-72)/(-76)). Calculate the highest common divisor of 19 and n.
19
Let q = -53 - -49. Let n be q/(-14) + 2*89/14. Calculate the highest common factor of 91 and n.
13
Let f = 21 - 49. Let r = f - -73. What is the greatest common divisor of 9 and r?
9
Let h be ((-135)/75)/((-15)/425). What is the highest common factor of 9 and h?
3
Let y be (2288/(-220))/((-2)/5). What is the greatest common factor of 767 and y?
13
Let p = -357 + 395. Calculate the highest common factor of 19 and p.
19
Suppose 3*x = -2*a + 852, 4*x - 529 = 4*a - 2273. Calculate the greatest common divisor of 16 and a.
16
Suppose -1 + 5 = j. Suppose 0 = -j*m + c + 132, 0 = -c - 6 + 2. Let s(n) = n + 10. Let a be s(-6). Calculate the highest common divisor of a and m.
4
Let p be -2 + 1 - -3 - (-5 + 2). Let v = -146 + 300. Suppose -y = -2*c - v, -6*c + 3 = -p*c. Calculate the greatest common factor of y and 16.
16
Let u be 0 + (-2 - -120 - -1). Let i be ((-60)/8 + -1)*-2. Calculate the highest common divisor of u and i.
17
Let j(i) = 37*i - 172. Let t be j(6). What is the highest common divisor of 20 and t?
10
Suppose -2*l - 184 = -4*l - 4*r, -4*l + 2*r + 358 = 0. What is the highest common factor of 10 and l?
10
Let f be (-58)/841 - (1 - (-9284)/(-58)). Calculate the greatest common divisor of f and 583.
53
Let n = 11 + -9. Let x(c) = c**3 - 9*c**2 + 9*c - 4. Let i be x(8). Suppose -3*z + 100 = n*s - s, -i = -4*s. Calculate the greatest common divisor of 22 and z.
11
Let m = 245 + -207. Calculate the greatest common divisor of 95 and m.
19
Let x be (-16)/(-6)*108/8. Let b = 42 + -54. Let g = b + 24. What is the highest common factor of g and x?
12
Suppose 0 = 5*m + 5*v - 350, 0 = 4*m - 2*v + 99 - 367. Calculate the highest common divisor of m and 136.
68
Let f be 87/7 - (88/(-56) + 2). Calculate the highest common divisor of f and 28.
4
Let x be 3 - (-4 + (-4 - 0)). Let b = x + -10. What is the greatest common divisor of 9 and b?
1
Let l be 3/((-63)/(-224))*135/6. Calculate the highest common factor of 48 and l.
48
Let z = 489 + -258. Let s(p) = -p**2 + 12*p + 22. Let b be s(13). Suppose 4*t = g - b, -t + 18 = g - 2*t. Calculate the greatest common factor of z and g.
21
Suppose -5*b - 10*j + 139 = -9*j, 61 = 3*b - 5*j. Suppose t + t = 2*p - 158, 2*p + t - 164 = 0. Calculate the highest common factor of b and p.
27
Let l be 4*(6/3 - 1). Let c(g) = g**3 - 5*g**2 + 7*g - 10. Let x be c(l). Let d = -43 + 65. What is the greatest common divisor of d and x?
2
Let x be -4*(-5 + (-6)/(-3)). Suppose 3*h = -0*h + x. Let g be (22/h)/((-2)/(-4)). Calculate the highest common factor of 11 and g.
11
Let t be -4 + -7*(-410)/5. Calculate the highest common divisor of t and 30.
30
Let g(m) = 17 + 144*m**3 - 7*m - 75*m**3 - 68*m**3 - 11*m**2. Let i be g(12). Calculate the greatest common factor of 11 and i.
11
Suppose 2*n + 2 + 26 = v, -4*v - 5*n + 86 = 0. Suppose -56*r - v = -60*r. Calculate the highest common factor of 36 and r.
6
Let g be 126/28*1*2. Suppose 3*m - g = 90. Let b be (-22)/m + (-82)/(-6). Calculate the highest common divisor of b and 65.
13
Let m = 303 - 247. What is the greatest common factor of 7 and m?
7
Suppose 8*n - 128 = 400. Let l(h) = h**2 - 5*h + 2. Let u be l(5). Suppose u*k = 5*t + 12, k = 2*k + 4*t - 6. What is the highest common factor of n and k?
6
Suppose 0*t - 4*t = -20. Suppose -u - 78 = -t*p, 0 = -3*p + u - 3*u + 39. Calculate the greatest common divisor of 15 and p.
15
Let m = 1307 - 384. What is the highest common divisor of m and 13?
13
Let n be (2/(-9) + (-32)/18)*-40. Calculate the greatest common divisor of 30 and n.
10
Let r = 3 + 0. Let g be r*(2 - (-1615)/15). What is the highest common divisor of 47 and g?
47
Suppose -78 = -3*f - 3*w, 5*f - 3*w = w + 139. Suppose -2*g = -5*g + f. What is the greatest common divisor of g and 6?
3
Let g(c) = c**2 - 7*c - 4. Let u be g(8). Let l = 34 - 18. What is the greatest common divisor of u and l?
4
Suppose 0 = 5*z + 2*t - 46, -t + 19 = z + z. Suppose -w = 4*q - 4 - z, -3*w + 36 = 2*q. Let y = 18 - -18. Calculate the greatest common divisor of w and y.
12
Let l be -8*4/((-8)/6). Suppose 0 = 4*n - 6*n. Suppose n = 4*r - 9*r - 4*o + 7, 0 = -o - 2. Calculate the greatest common factor of l and r.
3
Suppose -4*u + 12 = -2*u. What is the highest common factor of u and 30?
6
Let z = -528 + 4397. Suppose 899 = -9*u + z. Let k(b) = -31*b - 1. Let x be k(-1). What is the highest common divisor of u and x?
30
Let z(s) = -s**2 + 10*s - 12. Let r be z(4). Suppose 0*a = -5*p + 5*a + 375, 0 = -4*a - 12. Calculate the highest common factor of p and r.
12
Let w be (-1 - -1)/(-2 - -3). Suppose 2*j = -w*j + 5*l + 98, 2*j + 3*l = 98. Let g be 8*1 - (-105 + 106). Calculate the greatest common factor of g and j.
7
Let z be 16/3*6 - 0. Suppose -3*n + 3 = 5*i, 2*i - 3*n = -0*i - 3. Suppose i = -h + j + 77, h + 3*j - 79 = 10. What is the greatest common divisor of h and z?
16
Suppose -5*w - 4*d = -121, 2*d + 87 + 10 = 5*w. Calculate the highest common factor of 77 and w.
7
Let m = 10 - 19. Let y be 4 + -1 + -6 + 2 - m. Calculate the highest common divisor of y and 88.
8
Suppose 0 = -2*o + 3*x + 42, -2*o + 5*o + x - 74 = 0. What is the greatest common divisor of o and 16?
8
Let s be (24/5)/((-3)/(-180)). What is the greatest common divisor of 16 and s?
16
Suppose 0*m + 2*m - 44 = 0. Suppose 3*c - 341 = 715. Calculate the greatest common factor of c and m.
22
Let l be 101 + (27/(-3))/(6/4). What is the greatest common factor of l and 19?
19
Let f = -379 - -394. What is the greatest common factor of f and 30?
15
Suppose 1177 = -128*y + 139*y. What is the highest common factor of 2889 and y?
107
Let a = -204 - -210. Calculate the highest common factor of a and 54.
6
Suppose -2*u = -3*a + 204, -35 = 5*a - 2*u - 371. Let z = a + -2. Calculate the highest common factor of 8 and z.
8
Let h(v) = 5*v**2 + 20*v. Let t be h(-6). What is the greatest common factor of 132 and t?
12
Let l(j) = -j**3 + 41*j**2 + 99*j - 104. Let a be l(42). Calculate the greatest common factor of 10 and a.
10
Let j(w) = 2*w**3 + 2*w**2 - 15*w + 25. Let b be j(2). Calculate the greatest common factor of b and 8.
1
Suppose 1024 = 3*x + a, -4*a = -24*x + 20*x + 1344. What is the highest common factor of 17 and x?
17
Let c = -23 - -39. Let l = -11 + c. What is the highest common factor of l and 2?
1
Suppose 6*g + 131 = 1055. Suppose -3*b = 6, b + 26 = 4*i + 2*b. Let y(o) = -o**2 + 9*o. Let q be y(i). What is the highest common factor of g and q?
14
Let d(j) = -6*j - 1. Let w be d(-1). Let h(z) = z**3 + 10*z**2 + 9*z + 9. Let b be h(-8). Let o = b + -20. What is the greatest common factor of w and o?
5
Suppose 183*h - 6575 = 13555. Suppose 0*a + 52 = 2*a. Suppose 0 = p - 2*l - 0*l - a, 0 = -2*p + 2*l + 48. What is the greatest common divisor of h and p?
22
Let t(h) = -h**3 - 3*h**2 + 3*h - 34. Let d be t(-11). What is the highest common factor of d and 53?
53
Let g be (616/(-35) + (-4)/10)*-8. Suppose -5*m = -4*x - 25 + 133, g = 4*x + 4*m. Calculate the highest common divisor of 8 and x.
8
Let u = 2532 - 1371. What is the greatest common factor of 86 and u?
43
Suppose 0 = -2*g + 8, -3*y = -0*g + 3*g - 72. Calculate the highest common divisor of 100 and y.
20
Let k be 162 + (-3 - (1 - (8 + -4))). Let d = -156 + k. Let h = -2 - -6. What is the highest common divisor of d and h?
2
Let t = 268 - 253. Calculate the highest common factor of 255 and t.
15
Suppose r - 1025 = -2*y, -3*y + 8*y = 4*r + 2556. What is the highest common divisor of 32 and y?
32
Let y be (-273)/(-21) - (-4 + 0). Let u = 198 - 113. Calculate the greatest common factor of y and u.
17
Let c(w) = 4*w**2 + 21*w - 20. Let n(a) = -2*a**2 + 5*a + 4. Let d be n(3). Let f be c(d). Suppose 3*v = v + 90. What is the highest common factor of f and v?
5
Suppose -4*t + 3*i + 7630 = 0, -3*t + 5729 = 34*i - 33*i. What is the highest common divisor of t and 23?
23
Let j be 4/(0/2 - -1). Let k be 5 - 5*(4 + -41). Suppose -j*r + 2*s - 